s divided by 69?
68
What is the remainder when 466 is divided by 82?
56
Calculate the remainder when 286 is divided by 97.
92
What is the remainder when 344 is divided by 112?
8
What is the remainder when 134 is divided by 20?
14
What is the remainder when 239 is divided by 3?
2
Calculate the remainder when 369 is divided by 13.
5
Calculate the remainder when 313 is divided by 81.
70
Calculate the remainder when 273 is divided by 98.
77
What is the remainder when 26 is divided by 1?
0
Calculate the remainder when 573 is divided by 4.
1
Calculate the remainder when 87 is divided by 44.
43
Calculate the remainder when 7 is divided by 1.
0
What is the remainder when 372 is divided by 19?
11
What is the remainder when 568 is divided by 62?
10
Calculate the remainder when 71 is divided by 40.
31
What is the remainder when 636 is divided by 130?
116
Calculate the remainder when 138 is divided by 4.
2
Calculate the remainder when 337 is divided by 58.
47
Calculate the remainder when 59 is divided by 15.
14
What is the remainder when 59 is divided by 42?
17
Calculate the remainder when 1308 is divided by 40.
28
Calculate the remainder when 7261 is divided by 169.
163
Calculate the remainder when 32153 is divided by 23.
22
Calculate the remainder when 333 is divided by 64.
13
Calculate the remainder when 770 is divided by 127.
8
Calculate the remainder when 381 is divided by 172.
37
Calculate the remainder when 1588 is divided by 513.
49
Calculate the remainder when 377 is divided by 18.
17
Calculate the remainder when 1234 is divided by 615.
4
Calculate the remainder when 398 is divided by 163.
72
Calculate the remainder when 78 is divided by 16.
14
What is the remainder when 23613 is divided by 82?
79
What is the remainder when 4598 is divided by 23?
21
What is the remainder when 50 is divided by 50?
0
What is the remainder when 181 is divided by 26?
25
Calculate the remainder when 854 is divided by 161.
49
Calculate the remainder when 185 is divided by 58.
11
What is the remainder when 148 is divided by 43?
19
What is the remainder when 1182 is divided by 198?
192
What is the remainder when 53 is divided by 49?
4
Calculate the remainder when 3049 is divided by 16.
9
Calculate the remainder when 162 is divided by 51.
9
What is the remainder when 316 is divided by 90?
46
What is the remainder when 493 is divided by 16?
13
Calculate the remainder when 25 is divided by 4.
1
What is the remainder when 2793 is divided by 112?
105
Calculate the remainder when 294 is divided by 50.
44
Calculate the remainder when 3788 is divided by 1261.
5
What is the remainder when 163 is divided by 20?
3
What is the remainder when 1098 is divided by 144?
90
Calculate the remainder when 260 is divided by 123.
14
What is the remainder when 197 is divided by 34?
27
Calculate the remainder when 5043 is divided by 46.
29
What is the remainder when 627 is divided by 21?
18
Calculate the remainder when 1703 is divided by 86.
69
What is the remainder when 8640 is divided by 35?
30
What is the remainder when 382 is divided by 24?
22
What is the remainder when 152 is divided by 33?
20
What is the remainder when 59 is divided by 36?
23
What is the remainder when 267 is divided by 110?
47
What is the remainder when 215 is divided by 34?
11
What is the remainder when 376 is divided by 63?
61
Calculate the remainder when 85 is divided by 43.
42
What is the remainder when 1052 is divided by 346?
14
Calculate the remainder when 364 is divided by 9.
4
What is the remainder when 701 is divided by 39?
38
Calculate the remainder when 951 is divided by 14.
13
Calculate the remainder when 1829 is divided by 129.
23
What is the remainder when 198 is divided by 54?
36
Calculate the remainder when 1337 is divided by 111.
5
Calculate the remainder when 2223 is divided by 18.
9
Calculate the remainder when 265 is divided by 67.
64
Calculate the remainder when 184 is divided by 47.
43
Calculate the remainder when 309 is divided by 10.
9
Calculate the remainder when 51 is divided by 25.
1
What is the remainder when 2987 is divided by 12?
11
Calculate the remainder when 152 is divided by 36.
8
What is the remainder when 340 is divided by 50?
40
Calculate the remainder when 1189 is divided by 397.
395
What is the remainder when 605 is divided by 269?
67
What is the remainder when 258 is divided by 65?
63
What is the remainder when 165 is divided by 52?
9
What is the remainder when 656 is divided by 11?
7
What is the remainder when 2780 is divided by 9?
8
What is the remainder when 54 is divided by 7?
5
Calculate the remainder when 1793 is divided by 467.
392
Calculate the remainder when 718 is divided by 48.
46
What is the remainder when 512 is divided by 486?
26
Calculate the remainder when 121 is divided by 25.
21
Calculate the remainder when 355 is divided by 15.
10
What is the remainder when 423 is divided by 1?
0
What is the remainder when 2717 is divided by 9?
8
What is the remainder when 104 is divided by 1?
0
What is the remainder when 5059 is divided by 22?
21
What is the remainder when 90 is divided by 31?
28
What is the remainder when 943 is divided by 27?
25
Calculate the remainder when 685 is divided by 166.
21
Calculate the remainder when 49 is divided by 7.
0
What is the remainder when 168 is divided by 55?
3
What is the remainder when 195 is divided by 40?
35
Calculate the remainder when 25 is divided by 21.
4
Calculate the remainder when 947 is divided by 9.
2
What is the remainder when 374 is divided by 26?
10
Calculate the remainder when 5614 is divided by 78.
76
Calculate the remainder when 3236 is divided by 809.
0
Calculate the remainder when 1012 is divided by 990.
22
Calculate the remainder when 137 is divided by 72.
65
What is the remainder when 2913 is divided by 94?
93
What is the remainder when 503 is divided by 59?
31
What is the remainder when 327 is divided by 85?
72
What is the remainder when 265 is divided by 49?
20
Calculate the remainder when 340 is divided by 270.
70
What is the remainder when 30548 is divided by 38?
34
Calculate the remainder when 128 is divided by 47.
34
What is the remainder when 783 is divided by 187?
35
What is the remainder when 571 is divided by 11?
10
Calculate the remainder when 106 is divided by 16.
10
What is the remainder when 87 is divided by 18?
15
Calculate the remainder when 3775 is divided by 61.
54
What is the remainder when 426 is divided by 325?
101
Calculate the remainder when 627 is divided by 18.
15
Calculate the remainder when 505 is divided by 316.
189
What is the remainder when 177 is divided by 30?
27
Calculate the remainder when 229 is divided by 28.
5
What is the remainder when 75 is divided by 33?
9
What is the remainder when 540 is divided by 131?
16
What is the remainder when 660 is divided by 377?
283
Calculate the remainder when 159 is divided by 13.
3
What is the remainder when 327 is divided by 55?
52
Calculate the remainder when 238 is divided by 63.
49
What is the remainder when 412 is divided by 109?
85
Calculate the remainder when 85 is divided by 18.
13
Calculate the remainder when 60 is divided by 16.
12
What is the remainder when 966 is divided by 291?
93
Calculate the remainder when 118 is divided by 11.
8
Calculate the remainder when 228 is divided by 75.
3
What is the remainder when 243 is divided by 14?
5
Calculate the remainder when 97 is divided by 25.
22
Calculate the remainder when 3203 is divided by 1601.
1
Calculate the remainder when 454 is divided by 13.
12
Calculate the remainder when 703 is divided by 47.
45
What is the remainder when 6063 is divided by 9?
6
Calculate the remainder when 82 is divided by 43.
39
What is the remainder when 99 is divided by 22?
11
What is the remainder when 546 is divided by 136?
2
Calculate the remainder when 373 is divided by 52.
9
What is the remainder when 2217 is divided by 149?
131
Calculate the remainder when 599 is divided by 121.
115
Calculate the remainder when 112 is divided by 20.
12
Calculate the remainder when 1071 is divided by 348.
27
What is the remainder when 85 is divided by 37?
11
Calculate the remainder when 4075 is divided by 1356.
7
Calculate the remainder when 3109 is divided by 61.
59
What is the remainder when 449 is divided by 219?
1